+ 461*f - 17. What is h(6)?
49
Let r(b) = -657*b - 8530. Determine r(-13).
11
Let i(t) = t**3 + 134*t**2 + 1889*t + 124. Determine i(-118).
6
Let x(d) = 213*d - 3204. Calculate x(15).
-9
Let h(l) = 2*l**2 + 15*l - 210. Determine h(7).
-7
Let i(d) = 3349*d - 30140. What is i(9)?
1
Let b(o) = o**3 - 54*o**2 - 47*o - 433. Calculate b(55).
7
Let z(o) = -29*o**3 + 1244*o**2 + 119*o + 425. What is z(43)?
-5
Let b(z) = -133*z + 5054. What is b(38)?
0
Let z(j) = -20*j**2 - 1464*j - 290. Determine z(-73).
2
Let f(c) = -2*c**3 - 37*c**2 - 14*c + 75. Calculate f(-18).
3
Let g(r) = 3*r**2 + 180*r - 774. Calculate g(-64).
-6
Let v(o) = 805*o - 13662. Calculate v(17).
23
Let h(b) = -482*b - 1925. Calculate h(-4).
3
Let h(t) = -65*t**2 + 524*t + 13. What is h(8)?
45
Let j(b) = -314*b - 3458. Determine j(-11).
-4
Let y(w) = 27*w + 274. What is y(-8)?
58
Let c(o) = o**3 - 310*o**2 - 232*o - 24578. Give c(311).
-9
Let s(d) = -d**3 + 65*d**2 + 277*d - 69. What is s(69)?
0
Let g(h) = h**3 - 23*h**2 + 6*h - 127. Determine g(23).
11
Let g(c) = 2*c**3 - 6*c**2 - 2*c + 11. What is g(5)?
101
Let n(v) = -53*v + 1551. What is n(35)?
-304
Let l(h) = 114*h - 452. Determine l(4).
4
Let d(c) = -7*c + 338. Calculate d(50).
-12
Let d(r) = -r**2 + 226*r - 10061. What is d(165)?
4
Let w(q) = -q**3 + 2*q**2 + 32*q + 3. Give w(8).
-125
Let j(p) = 3*p**2 - 1313*p + 4775. What is j(434)?
1
Let x(m) = -946*m - 3708. Calculate x(-4).
76
Let o(y) = 2*y**2 - 76*y + 651. What is o(13)?
1
Let g(n) = 2*n**2 + 82*n - 480. Give g(-46).
-20
Let q(i) = i**3 + 9*i**2 - 23*i - 92. What is q(-11)?
-81
Let f(t) = -373*t**2 - 17155*t + 135. Determine f(-46).
-3
Let x(i) = -4*i**2 + 5*i + 133. Determine x(-7).
-98
Let d(l) = -160*l + 1439. What is d(9)?
-1
Let g(r) = -r**2 - 117*r - 3315. Give g(-47).
-25
Let i(y) = -y**2 + 55*y - 283. What is i(58)?
-457
Let t(f) = -f**3 + 41*f**2 + 162*f - 6634. Give t(41).
8
Let c(o) = o**3 - 28*o**2 - 79*o + 574. Calculate c(30).
4
Let c(l) = -l**2 - 90*l + 929. Give c(9).
38
Let n(s) = s**3 + 68*s**2 - 73*s + 198. Give n(-69).
474
Let d(j) = 146*j**2 + 3*j + 3. Calculate d(-1).
146
Let q(h) = h - 3. Give q(8).
5
Let g(q) = 7*q**3 - 42*q**2 + 8*q - 53. Determine g(6).
-5
Let a(j) = -1379*j - 5540. Determine a(-4).
-24
Let s(u) = -7*u**3 - 51*u**2 + 2*u + 25. Give s(-7).
-87
Let k(l) = -1748*l - 6976. What is k(-4)?
16
Let l(a) = -297*a + 1727. Determine l(6).
-55
Let z(r) = 5*r**2 + 5*r - 220. What is z(-8)?
60
Let g(k) = 7*k**2 + 79*k + 182. Calculate g(-8).
-2
Let o(v) = 3*v**2 + 15*v + 13. Give o(-1).
1
Let p(k) = -76*k - 263. What is p(-3)?
-35
Let t(o) = -o**2 + 71*o + 32. What is t(0)?
32
Let j(k) = k**3 + 15*k**2 - 7*k + 11. What is j(-15)?
116
Let v(c) = 11486*c + 402012. Calculate v(-35).
2
Let u(w) = 18*w**2 - 56*w - 56. Give u(-1).
18
Let x(y) = y**3 - 36*y**2 - 174*y + 50. Calculate x(40).
-510
Let x(z) = -z**3 - 20*z**2 - 8*z - 7. Calculate x(-17).
-738
Let m(w) = 4*w - 137. Determine m(-50).
-337
Let l(g) = 3*g**3 - 32*g**2 + 68*g - 33. What is l(8)?
-1
Let c(h) = h**3 + 33*h**2 - 3*h - 66. Determine c(-33).
33
Let z(t) = -11*t**2 + 622*t + 279. Determine z(57).
-6
Let v(h) = h**2 - 99*h - 5180. Give v(137).
26
Let n(c) = 72*c - 288. Determine n(4).
0
Let r(o) = -34*o**2 - 507*o + 41. Calculate r(-15).
-4
Let m(s) = -297*s + 72462. What is m(244)?
-6
Let j(q) = -114*q - 10756. Determine j(-95).
74
Let f(i) = i**2 + 3*i + 56. Determine f(0).
56
Let k(l) = 1442*l + 7215. Give k(-5).
5
Let z(y) = 2*y - 93. Determine z(24).
-45
Let b(t) = t**2 - 12*t + 30. Calculate b(5).
-5
Let c(p) = 2*p**2 + 11*p - 12. Determine c(3).
39
Let l(q) = 60*q + 3340. What is l(-56)?
-20
Let c(k) = 6*k - 239. Determine c(32).
-47
Let t(a) = 6*a**2 - 3*a + 52. Calculate t(5).
187
Let m(a) = -212*a + 1910. Calculate m(9).
2
Let d(c) = -4420*c + 44209. Give d(10).
9
Let b(u) = u**3 - 15*u**2 + u + 164. Calculate b(15).
179
Let h(y) = -6*y**2 - 195*y - 307. What is h(-31)?
-28
Let o(t) = 5*t**2 - 10*t - 140. What is o(-8)?
260
Let k(l) = -l**2 - l + 504. What is k(-22)?
42
Let z(o) = 132*o - 463. Calculate z(3).
-67
Let n(h) = 2*h**2 + 120*h - 132. Give n(-61).
-10
Let j(k) = 9*k**2 + 269*k - 360. Calculate j(-31).
-50
Let b(z) = -7*z**3 - 112*z**2 + 13*z + 229. Give b(-16).
21
Let h(s) = s**2 + 24*s - 451. Give h(12).
-19
Let j(b) = 33*b + 265. Calculate j(5).
430
Let n(q) = 1156*q + 15026. Give n(-13).
-2
Let f(d) = -3*d**3 + 13*d**2 + 70*d + 6. Determine f(-5).
356
Let p(s) = s**3 - 16*s**2 - 245*s + 3766. What is p(17)?
-110
Let x(j) = -j**3 - 16*j**2 + 294*j + 11. Give x(11).
-22
Let w(m) = 385*m + 1522. Calculate w(-4).
-18
Let g(o) = -3*o + 16. Determine g(50).
-134
Let w(j) = -j**3 - 11*j**2 + 55*j + 60. Calculate w(5).
-65
Let p(b) = b**3 + 27*b**2 - 64*b - 10. Give p(-29).
164
Let q(t) = 97*t - 294. Calculate q(6).
288
Let c(z) = -5*z**2 + 4*z - 24. Determine c(0).
-24
Let t(q) = q**3 + 8*q**2 - 8*q + 47. Give t(-12).
-433
Let v(i) = -417*i - 2060. Calculate v(-5).
25
Let k(o) = 16*o - 575. What is k(46)?
161
Let p(n) = -n**2 - 146*n - 1718. Calculate p(-13).
11
Let x(b) = 65*b + 86. What is x(-3)?
-109
Let i(p) = -p**2 + 104*p - 2073. What is i(27)?
6
Let u(j) = -2*j**3 + 66*j**2 + 67*j + 41. Give u(34).
7
Let q(a) = a**2 + 4008*a - 20064. What is q(5)?
1
Let b(s) = -4*s**3 + 331*s**2 - 1185*s + 22. Determine b(79).
22
Let g(c) = 9*c + 44. What is g(-2)?
26
Let k(u) = -81*u + 15. Calculate k(-2).
177
Let u(b) = -8*b**2 - 17*b + 3. Calculate u(-2).
5
Let d(q) = -q**3 - 18*q**2 + 5*q - 8. What is d(-18)?
-98
Let v(o) = -2506*o + 2503. Determine v(1).
-3
Let o(f) = -f**2 + 15*f - 86. Determine o(21).
-212
Let y(k) = k**3 + 3*k**2 + 180*k + 1155. What is y(-6)?
-33
Let b(m) = 104*m + 146. Give b(-4).
-270
Let z(m) = 8*m - 192. What is z(-5)?
-232
Let u(g) = 395*g - 22175. What is u(56)?
-55
Let s(g) = -2*g**2 + 54*g - 182. Calculate s(19).
122
Let l(f) = f**2 - 25*f - 73. Give l(24).
-97
Let k(d) = -d**3 + 8*d**2 - 20. What is k(6)?
52
Let r(u) = -3*u**2 + 27*u - 64. Calculate r(9).
-64
Let c(f) = -33*f**2 - 1129*f - 240. Calculate c(-34).
-2
Let q(r) = -r**2 - 20*r + 183. Give q(13).
-246
Let u(h) = h**2 + 4*h - 109. Determine u(-13).
8
Let g(l) = 2*l**2 - 27*l + 138. Determine g(15).
183
Let u(q) = q**3 - 14*q**2 - 3*q + 83. What is u(11)?
-313
Let j(t) = t**3 + 4*t**2 - 10*t - 27. Give j(-7).
-104
Let m(n) = -55*n - 3400. Give m(-68).
340
Let c(j) = -j**3 - 11*j**2 - 21*j + 15. Determine c(-7).
-34
Let k(d) = -95*d**2 + 13*d - 2. What is k(-2)?
-408
Let j(w) = -w**2 + 39*w - 22. Determine j(25).
328
Let x(w) = -3*w**3 + 40*w**2 - 17*w + 25. What is x(13)?
-27
Let z(p) = -3*p**3 - 9*p**2 + 35*p - 124. Give z(-6).
-10
Let t(i) = 2*i**3 + 141*i**2 - 67*i + 286. Give t(-71).
2
Let h(o) = -o**3 - 4*o**2 + 65*o - 5. Determine h(7).
-89
Let m(p) = p**3 + 25*p**2 - 57*p - 81. Give m(-27).
0
Let g(b) = -104*b - 8430. What is g(-81)?
-6
Let j(c) = 300*c + 12254. What is j(-41)?
-46
Let r(w) = 854*w - 27329. What is r(32)?
-1
Let o(u) = 2*u**2 + 121*u + 191. Determine o(-58).
-99
Let i(t) = -64*t + 593. Give i(11).
-111
Let d(x) = -x**3 + 6*x**2 - 13*x + 12. What is d(4)?
-8
Let r(v) = -129*v + 920. Determine r(10).
-370
Let z(g) = g**2 + 68*g + 679. Give z(-56).
7
Let y(x) = -241*x**3 - 3*x**2 + 34*x - 32. Determine y(1).
-242
Let p(b) = -11*b - 40. Calculate p(54).
-634
Let y(o) = -o**3 - 20*o**2 + 22*o + 448. Calculate y(-20).
8
Let p(h) = h**3 + 7*h**2 - 61*h - 15. Give p(-12).
-3
Let h(j) = -3*j**3 - 20*j**2 - 28*j - 32. Give h(-5).
-17
Let i(k) = 3*k + 16. Calculate i(-3).
7
Let b(j) = -j**3 + 31*j**2 - 40*j + 174. Calculate b(30).
-126
Let r(l) = l**2 + 51*l + 65. Give r(-48).
-79
Let i(c) = -45*c - 1006. Calculate i(-25).
119
Let j(q) = q**2 - 269*q + 10608. Determine j(48).
0
Let t(l) = -l**2 - 28*l + 903. What is t(-47)?
10
Let k(v) = v**2 - 266*v - 1661. Give k(-6).
-29
Let l(r) = -63*r + 125. Calculate l(5).
-190
Let v(r) = -r**3 + 148*r**2 - 572*r - 578. Calculate v(144).
-2
Let s(a) = 5*a**3 - 7*a**2 + 4*a + 12. Give s(6).
864
Let h(p) = 26*p**3 + 648*p**2 - 23*p + 680. Determine h(-25).
5
Let g(y) = -y**2 + 44*y - 310. Give g(36).
-22
Let z(s) = s**2 - 89*s + 45. Give z(0).
45
Let r(o) = 5*o**2 + o - 179. What is r(-6)?
-5
Let i(l) = 4*l**2 + 33*l + 38. Giv